the prime factors of s.
27271
Let i be 5*(2 + 39/(-6))*2. Let o = 7 - i. Suppose -4*r + o = -52. What are the prime factors of r?
2, 13
Suppose -44*p + 450 = -38*p. List the prime factors of 30/p - ((-1553)/5)/1.
311
List the prime factors of (-22 - (-262 + -2))/((-1)/(-53)).
2, 11, 53
Let b be 18/12*7/((-28)/(-8)). Suppose -2*j + 2*o = -1578, -4*o - 1623 = -b*j + 748. What are the prime factors of j?
5, 157
Suppose -143670 = -29*q - q. List the prime factors of q.
4789
Let n be ((-2)/6)/((-3)/18). Let h(c) = 2*c - 2 + 4*c - c + 2*c + 2*c**n. What are the prime factors of h(-9)?
97
Let p(b) = 743*b**2 - b + 22. List the prime factors of p(-6).
2, 3347
Suppose 0 = -z + 2348 - 3181 + 9738. What are the prime factors of z?
5, 13, 137
Let m(b) = -2*b**2 + 4*b + 14. Suppose 3*p = -6*p + 45. Let n be m(p). List the prime factors of 5/(-1)*(n - -9).
5, 7
Let c be 2/2*-4 - -8. Suppose -d - c*d + 1180 = 0. Suppose 0 = 5*y - 214 - d. What are the prime factors of y?
2, 3, 5
Let m = -483 + 325. Let t be 5/((-20)/(-12))*-79. Let n = m - t. What are the prime factors of n?
79
Suppose 160*r + 77115 = 175*r. What are the prime factors of r?
53, 97
Let a(v) = -565*v**2 + 52*v + 23. Let t(c) = 377*c**2 - 34*c - 15. Let k(h) = 5*a(h) + 8*t(h). What are the prime factors of k(-2)?
3, 29
Let t = -4324 + 8308. What are the prime factors of (t/18)/(4/12)?
2, 83
Let w be 0/((-3 - -1) + 3). Suppose 0 = 4*q - 5*l - 3036, w = -l + 3*l - 8. Suppose 3*h - y = q, -3*h - 281 = 2*y - 1039. List the prime factors of h.
2, 127
Let l = 98 + -109. What are the prime factors of l/(-11)*(-73)/(-1)?
73
Let f = 1879 - 1873. Let q(v) = v**3 - 2*v**2 + 11. Let y(z) = -z**3 + 3*z**2 - 11. Let h(x) = -3*q(x) - 4*y(x). List the prime factors of h(f).
11
Suppose 86725 - 261049 = -146*i. What are the prime factors of i?
2, 3, 199
Suppose 13643 = 4*q - 4*v - 13449, -2*v = q - 6758. List the prime factors of q.
2, 3, 47
Suppose -5*i + 4*g = -7, i + 10 = -0*i - 3*g. Let h(u) = 151*u**3 + u. Let r be h(i). Let s = 289 + r. What are the prime factors of s?
137
List the prime factors of 2676 - (0 - -104)/13.
2, 23, 29
Suppose -y + 499 = 5*n - 1401, -6*y = 3*n - 1140. What are the prime factors of n?
2, 5, 19
Let d be (4/3)/((-10)/(-2865)). Let k = 232 - d. Let x = -103 - k. List the prime factors of x.
47
List the prime factors of -39*((-4)/(-32) - 317220/288).
2, 7, 13, 59
Suppose 24*g + 275694 = 4*c + 26*g, 4*g - 68927 = -c. List the prime factors of c.
157, 439
Let x = -377 + 548. Let f = x - -193. What are the prime factors of f?
2, 7, 13
Suppose 0 = -13*c + 9005 + 7466. Suppose -4*q + c = -2049. List the prime factors of q.
829
Let g = 127 - 131. Let q be 5/3 + g/(24/(-2)). Suppose -530 = -12*x + q*x. List the prime factors of x.
53
Suppose 54*v = w + 49*v - 41349, 0 = -3*v + 24. List the prime factors of w.
41389
Let z(m) = -62 - 7*m - 57 + 34. Let i be 1/1 + 4/4 + 27*-1. List the prime factors of z(i).
2, 3, 5
Let l = 7067 - -5646. What are the prime factors of l?
12713
Let q = -221 - -810. Let d = q + -343. List the prime factors of d.
2, 3, 41
Let b = -100 - -101. List the prime factors of (1414/35)/(b/15).
2, 3, 101
Let f = 19623 - 10056. List the prime factors of f.
3, 1063
Suppose -8*g = 53 - 13. Let o(h) = 7*h**2 + 18 - 3*h**2 - 4*h - 3 + h**3. List the prime factors of o(g).
2, 5
Let o = -107182 + 187241. What are the prime factors of o?
7, 11437
Let d(m) = 14*m**2 + m - 19. List the prime factors of d(3).
2, 5, 11
Let i(k) = 2*k**3 + 26*k**2 - 328*k - 50. What are the prime factors of i(10)?
2, 5, 127
Let n(a) be the third derivative of -a**2 + 0*a - 5/6*a**3 - 1/8*a**4 + 0 + 7/20*a**5. What are the prime factors of n(-2)?
5, 17
Let l(o) = 511*o**2 + 10*o + 28. Let x be l(-4). Suppose x = 12*g + g. What are the prime factors of g?
2, 157
Let u = 27 - 3. Suppose u*z - 29*z = -20. What are the prime factors of (-2)/8 + 217/z + 2?
2, 7
Suppose 150658 = 2*w + p + 54352, -5*w = -p - 240779. List the prime factors of w.
5, 9631
Let x(w) = 3*w**3 - 5*w + 4. Let g(d) = d**2 - 15*d + 22. Let s be g(14). Let h(q) = -q**3 + 6*q**2 + 17*q - 4. Let f be h(s). List the prime factors of x(f).
2, 11
What are the prime factors of (-9)/(54/274)*(-137 - 1)?
2, 23, 137
Suppose -851*h + 228420 = -836*h. What are the prime factors of h?
2, 3, 47
Let o be 84176/64 - (-1)/(-4). Let u = o + -35. What are the prime factors of u?
2, 5
Let w be ((-200)/12)/(2/180*-4). Suppose -4*d - 2*u = -150 - 150, -3*u = -5*d + w. List the prime factors of 7035/d - 1/(-5).
2, 47
Suppose 8 = 9*j - 5*j. Suppose 2*y - 4*g = 416, -y - 3*g + j*g + 205 = 0. What are the prime factors of y?
2, 103
Let i = 165 + 167. Suppose -3*x + 345 = 3*u, -921 = -5*x + 2*u - i. What are the prime factors of x?
3, 13
Let l(t) = -19*t**3 - 8*t**2 - 2*t + 32. List the prime factors of l(-6).
2, 5, 193
Let w(s) = 4*s**2 - 343*s - 288. What are the prime factors of w(105)?
3, 23, 113
Let k = -498 - -497. What are the prime factors of (-10049)/(-26)*(-1)/(k/2)?
773
Suppose -13854 + 5261 = -6*o + 12005. List the prime factors of o.
3433
Let w(b) = -6*b**3 - 4*b**2 + 2*b - 2. Suppose -24 = -111*a + 117*a. Let l be w(a). Suppose l = 10*n + 100. List the prime factors of n.
3, 7
Suppose -6*w - 183 + 771 = 0. Let l = w - -137. What are the prime factors of l?
5, 47
What are the prime factors of (-6 - -15 - -1926) + (6/3)/1?
13, 149
Suppose 6*i + 1040 = -4288. Let r = i - -1434. List the prime factors of r.
2, 3, 7, 13
Let z(y) = y + 16. Let a be z(-6). Suppose x = -7 + a. Suppose -3*f + 6 - 21 = 0, x*g - 5*f = 103. What are the prime factors of g?
2, 13
Let l(o) = 36*o**2 + 0*o + 0 + 1 - o. Let y(i) = -143*i - 1575. Let s be y(-11). What are the prime factors of l(s)?
3, 7
Let r be (-35)/2 + (-30)/20. Let i(p) = 40*p**2 - 39*p**2 - 28*p + 30 + 41*p. What are the prime factors of i(r)?
2, 3
What are the prime factors of ((-75)/2 - -1)/(57660/(-5240) + 11)?
73, 131
Suppose -t + 3*p + 14 = 0, -2*t - 4*p = -t + 7. Let v(g) = 14 + t*g + 3*g**2 - 7 + 3 - 6. What are the prime factors of v(-4)?
2
Suppose z = -k + 3*k - 1, -z = 5*k - 20. Suppose -k*o = -258 - 114. List the prime factors of o.
2, 31
Let g(t) = -5 - 11*t - 11 + 0*t - t. Let c be g(-5). Let b = 95 - c. What are the prime factors of b?
3, 17
Suppose 0 = -25*d + 482130 + 246495. Suppose 16*b = -13*b + d. What are the prime factors of b?
3, 5, 67
Let w(s) = -s**3 + 92*s**2 + 44*s - 667. List the prime factors of w(90).
101, 193
Let o be 1 + (12 + -4 - 7). Suppose -5*p = -20, 2*s + o*p = 456 + 204. List the prime factors of s.
2, 163
Suppose 3*r - k = 16321, 10876 = 2*r + k + 3*k. List the prime factors of r.
2, 5, 17
Suppose 0*m - 5*m + 2*v = -9, 5*m - 30 = -5*v. Suppose 0 = -x + 2*g + 11 + 33, -m*x - 4*g = -162. What are the prime factors of x?
2, 5
Let k be (-252)/10*(-20)/(-6). Let o be k/(-1) + -5 + (-6 - -8). List the prime factors of 8847/o - (2 - 16/9).
109
Let h = 2965 - 4201. Let r = 1947 + h. List the prime factors of r.
3, 79
Let s be 2*4/(16/(-62)). Let h = s + 54. Suppose -22*a - 46 = -h*a. What are the prime factors of a?
2, 23
Let v(d) = 2*d - 10. Let l be v(5). Let j = -132 + 167. Suppose l = -j*a + 34*a + 20. List the prime factors of a.
2, 5
Suppose 0 = -5*n + 5*f + 263680, -13*n - 125*f = -122*f - 685536. List the prime factors of n.
2, 3, 11, 17, 47
Suppose 0 = 5*g + 30, 6794 = 186*z - 184*z - 5*g. What are the prime factors of z?
2, 19, 89
Let p(o) = 36*o - 362. Let m be p(10). List the prime factors of ((-104)/20)/((-7)/(-420)*m).
2, 3, 13
Suppose -31572 = -4*x + 4*d + 96176, 3*d - 319357 = -10*x. What are the prime factors of x?
2, 499
Let t be (1 + 1)*(-1615)/10. Let g = t + 562. Suppose 2*w + 3*w = -5*s + 385, -3*s = -5*w - g. List the prime factors of s.
2, 3, 13
Let b(t) be the third derivative of 0 + 1/12*t**4 - 32*t**2 + 1/15*t**5 + 0*t - 5/3*t**3. List the prime factors of b(-7).
2, 43
Suppose 0 = 2*g - 7*g + 20. Suppose -5*n + 8 = -3*n + q, 5*q - 4 = -g*n. Suppose 350 = n*j - j. List the prime factors of j.
2, 5, 7
Let z(k) = k**2 - 26*k + 138. Let p be z(18). Let u(a) = -30*a + 9. List the prime factors of u(p).
3, 7
Let o = 1332 - 1344. Suppose 3*i = 12 + 39. Let j = o + i. What are the prime factors of j?
5
Suppose 0 = 16*b - 20*b + 29*b - 4500. Let x be (-297)